9
Let b = -328 + 500. What is the hundreds digit of b?
1
What is the tens digit of (12 + -3)*34/6?
5
Let m(c) = -c**2 + 1. Let a(d) = -3*d**2 - 7*d + 11. Let w(j) = -a(j) + 4*m(j). Suppose -5*x + x + 20 = 0. What is the units digit of w(x)?
3
Let s(c) = -c**2 + c + 5. Let h be s(-4). Let u = -1 - h. Let j = u - 7. What is the units digit of j?
7
Let g = 13 - 11. What is the units digit of g?
2
Let w(b) = 0*b**3 + 3*b**3 - 8*b**2 + 0*b**3. Let t(v) = 4*v**3 - 9*v**2 - v + 1. Let g(q) = -4*t(q) + 5*w(q). What is the units digit of g(-5)?
1
Let v = 25 + 115. What is the units digit of v?
0
Let q = 11 + -8. Let f = q - 2. What is the units digit of f?
1
Suppose 0 = -s + 5*s - 528. What is the tens digit of s?
3
Let x be -12 - -10 - -2*1. Suppose 2*m + 0*m - 46 = 5*h, m + 5*h - 23 = x. What is the units digit of m?
3
Let l = 8 - 3. Suppose -3*j = b - 23, 3*j - l*b = -0*j + 11. Let d(x) = -x + 10. What is the units digit of d(j)?
3
Suppose l - 2*l + 21 = -5*g, -l + 9 = -2*g. What is the units digit of 2/(l/(-1) + 3)?
1
Suppose 0 = -y - 2 + 4. Let r = y + 2. What is the units digit of r?
4
Let d = -2 + 3. Let x = 6 - d. Suppose 0 = x*v - v - 24. What is the units digit of v?
6
Let b(w) = -w**3 - 12*w**2 - 17*w - 15. What is the units digit of b(-11)?
1
Let i = 259 + -101. What is the units digit of i?
8
Suppose -2*f = 5*s - 4, -8 = 5*f + 2*s + 3. What is the units digit of f*(-3 + 7/3)?
2
Let g = 10 + -7. Let m = -8 + 10. Suppose -m*i - 9 = -g*i. What is the units digit of i?
9
What is the units digit of (2 - -1 - 2)*5?
5
Let z(h) = -2*h - 2. Let l be z(3). Let i = -11 - l. What is the units digit of (-12)/(-6 - i - -1)?
6
Let l = 67 + -31. Suppose -3*c + 2*f = -l, 4*f = 5*c + f - 61. What is the units digit of c?
4
Suppose -4*m + 3*m = 4*d - 27, -5*m - 57 = -4*d. Let s = d - 6. Suppose s*b = 6*b - 44. What is the tens digit of b?
1
Let z = 3 - 0. Suppose -z*s - 2*a + 90 = 3*a, 4*s = -2*a + 120. Suppose -58 = -5*u - 3*y - 18, -4*u - 2*y + s = 0. What is the units digit of u?
5
Suppose -k = k - 5*o - 17, 0 = -2*k - 4*o - 10. Let a(d) = 10*d**3 + d**2. What is the tens digit of a(k)?
1
Let m be (-34)/3*(3 - 0). Let s = m + 59. What is the tens digit of s?
2
Let c(w) = w**2 + 15*w - 18. Let f be c(-16). Let z = -1 - f. What is the units digit of z?
1
Suppose 5*q + 5 = 2*q - 2*a, 1 = -3*q - a. What is the units digit of q*(10 + -1) - 3?
6
Let h(y) = -y + 51. What is the units digit of h(-30)?
1
What is the units digit of (-4 - -7)*3 + 3?
2
Let a(d) = -d + 19. What is the tens digit of a(7)?
1
Let h = -76 + 138. What is the units digit of h?
2
Let o(c) = 4*c**3 + 2*c**2 - c - 2. Let s = -19 - -21. What is the tens digit of o(s)?
3
Suppose d = -d + 6. Suppose y + s = 6*y - 32, 0 = -5*y + d*s + 26. Let a = -3 + y. What is the units digit of a?
4
Let k = 8 + -9. Let g = 11 + k. What is the units digit of g?
0
Suppose u - 7 - 11 = 0. What is the units digit of u?
8
Let g = 17 + -15. What is the tens digit of 11 - -1*(0 + g)?
1
Suppose -3*d - 4 = 8, 4*b - 28 = 2*d. Let n = 1 + 1. Suppose v = -n*q + 59 - 24, b = 2*q - 5*v. What is the units digit of q?
5
Suppose 0 = h - 4*p - 38, -2*p - 127 = -2*h - 27. Suppose -4*m + 57 = 3*r, 4*m - 4*r - h = -18. What is the tens digit of m?
1
Let j(g) = 6*g + 1. What is the tens digit of j(6)?
3
Let t = -197 + 348. What is the units digit of t?
1
Suppose 0 = -5*c - 4*h - 16, 4 = -4*c + 3*h - 4*h. Suppose 2*k - 117 = b - 24, -2*k + 2*b + 96 = c. What is the tens digit of k?
4
Suppose 3*o = -o. Suppose -5*t = 2*k - o*t + 7, 2*t = k - 1. Let b = 1 - k. What is the units digit of b?
2
Let h be 3/(1 + 15/(-6)). Let d be (-8)/(h/(-16)*-2). Suppose -4*z + d + 4 = 0. What is the units digit of z?
9
Let t(n) = 7*n - 1. What is the units digit of t(8)?
5
Let i be 4/(-6) - 140/(-21). Suppose -k - 2 = -i. Suppose 3*c - 2*x - 5 = 12, k*c - 3*x = 23. What is the units digit of c?
5
Let o = 10 + -4. Let b be (20/2)/(o/21). Suppose 5*q - 5*h = -0*q + b, h - 21 = -3*q. What is the units digit of q?
7
Let i(b) = -28*b**3 + b**2 - 1. Let r(l) = l**2 + 9*l + 7. Let a be r(-8). What is the tens digit of i(a)?
2
Let a(h) be the third derivative of -11*h**6/120 - h**5/60 - h**4/24 - 2*h**2. What is the units digit of a(-1)?
1
Let j be -3 - (-3 - -2 - 4). Suppose 5*g - 3*w = j*w + 10, -53 = -4*g - 5*w. What is the units digit of g?
7
Suppose -a - 2*a + 252 = 0. What is the units digit of a?
4
Suppose -5*f + 42 = -23. Suppose -4*i - f = -5. What is the units digit of 1/((-22)/(-10) + i)?
5
Let f be (-30)/(-45) + 29/(-3). What is the units digit of 356/12 - 12/f?
1
What is the tens digit of (166 + -2)/(0 + 2)?
8
What is the units digit of (3/6 - 2)/(6/(-56))?
4
Suppose -2*b + 2*g - 7 = -37, 5*b + g = 45. What is the tens digit of b?
1
Let s be 2*(-6 + 0) - 1. Let j = s - -30. Suppose 5*a = 13 + j. What is the units digit of a?
6
What is the tens digit of 2/2*(-2 + 63)?
6
Let j = 2 + 0. Suppose 33 = 3*n + 4*x, -2*n - j*x - 15 = -5*n. What is the units digit of n?
7
Let i = -15 + 27. What is the tens digit of i?
1
Let t(k) = k + 1. Let w be t(4). Suppose -48 = -7*u + 3*u - 3*m, -w*u + 83 = -2*m. What is the tens digit of u?
1
What is the tens digit of (-722)/(-9) - 32/144?
8
Let k(f) = f**2 + 5*f + 2. Suppose -2*b = z - b + 10, -z - 13 = 2*b. Let w be k(z). Let g = w + -1. What is the units digit of g?
5
Suppose 2*a + a - 24 = 0. Suppose 28 = p + a. What is the tens digit of p?
2
Suppose 271 = 4*l - 2*c - c, -4*c - 84 = -l. Suppose l = 5*i - 4*i. Suppose -g + 5*g + 4*n = i, -g + 2*n = -13. What is the units digit of g?
5
Suppose 4*c - 3 = b, -7*c - 1 = -b - 2*c. Suppose 210 = 3*o + 4*o. Let n = b + o. What is the tens digit of n?
1
Suppose 3*n - 578 = 5*j, -3*n + n = -5*j - 382. What is the units digit of n?
6
Let y be (-8)/(-2) + -5 - -70. Suppose -y = -4*t - 21. What is the units digit of t?
2
Suppose 25 = 2*j - 59. Suppose 3*b + 38 = 4*v, -v + j = 3*v - 5*b. What is the units digit of v?
8
Let r(u) = -u**2 + 8*u - 1. Let s be 2/(-4) + 52/8. What is the tens digit of r(s)?
1
Let q(v) = 2*v + 24. What is the tens digit of q(11)?
4
Let p(a) = -9 + 0*a + 2*a + 0*a. What is the units digit of p(6)?
3
Let z = -26 - -49. Let x = z + -15. What is the units digit of x?
8
Let h(m) be the second derivative of m**3/3 + m. What is the tens digit of h(5)?
1
Suppose 17 = -f - 3*z - z, -3*z - 24 = -3*f. Suppose 64 = 4*l + l - f*w, l = -5*w - 4. What is the units digit of l?
1
Let s(n) = 5*n - 1. Let f be s(1). Suppose -m = -f*m + 78. Suppose 0 = -2*t + 2*w - w + 32, 3*w = t - m. What is the units digit of t?
4
Let s(f) = 6*f**2 + 2*f. Let x(d) = -d**2 - d. Let j(p) = s(p) + 4*x(p). Suppose 2*o + 1 = -2*k - 1, -5*k + 4*o = -22. What is the units digit of j(k)?
4
Suppose f + 17 = 4*k, 2*k + 2*f - 10 = -k. What is the units digit of k?
4
Let p be ((-8)/3)/(6/18). Let i(w) = -2*w - 10. Let n be i(p). Let q = -1 + n. What is the units digit of q?
5
Suppose -8*z + 402 = 42. What is the tens digit of z?
4
Let o be 33/(-15) + 2/10. Let t be (10/(-2))/(o/6). Suppose -4*i + 67 - t = 0. What is the units digit of i?
3
Let z(q) = -3*q - 7. Let a(m) = 4*m + 10. Let b(v) = 5*a(v) + 7*z(v). What is the units digit of b(0)?
1
Let h(p) = p**2 + 5*p + 12. What is the tens digit of h(-6)?
1
Suppose 5*c + 8 = -a + 116, 5*c + 2*a - 106 = 0. What is the tens digit of c?
2
Let z(b) = b - 3. Let r = 9 + -2. Let t be z(r). Let n(g) = 3*g - 4. What is the units digit of n(t)?
8
Let l(m) = m - 6. Let b be l(6). Suppose -5*n + t - 6*t + 95 = b, -2*n + 2*t + 46 = 0. What is the units digit of n?
1
Suppose 0 = -3*z - 60 - 6. Let p be (-1)/(-2 + z/(-12)). Let l = p + -3. What is the units digit of l?
3
Suppose -l + 51 + 29 = 0. What is the tens digit of l?
8
What is the units digit of (-15)/(-4)*(12 + 0/4)?
5
What is the units digit of 0/3*1 - -21?
1
Let w be (-20)/6*(-12)/8. Let a = w - -18. Let r = a + -10. What is the tens digit of r?
1
Let q(h) be the third derivative of h**5/60 + h**4/6 + h**3/3 - 2*h**2. Let k be q(-4). Let f = 12 - k. What is the tens digit of f?
1
Let n(v) = -v**2 + 2*v + 2. Let k be n(2). Suppose k = j - 2. Let a = j - 2. What is the units digit of a?
2
Suppose -3*m = 5*i + 5, -3*i - 9 = 3*m - 0*m. What is the units digit of (-669)/(-27) - i/(-9)?
5
What is the ten